t is x(n)?
-2
Let c(w) = -3*w + 37. Suppose 63 + 8 = 5*n + 6. Calculate c(n).
-2
Let v(r) = 9*r - 22. Let f be v(10). Let z = f + -53. Suppose 46*a - 43*a + z = 0. Let g(i) = -i + 1. Determine g(a).
6
Let a(d) = -6*d - 10. Let r(v) = v + 2. Suppose -3*c + o - 30 = 0, -5*o - 5 + 1 = -c. Let q(w) = c*r(w) - 2*a(w). Let h = -2179117 + 2179125. Determine q(h).
6
Let d(m) = 2*m**3 - 29*m**2 + 92*m + 11. Let q(s) = -544*s**2 + 2180*s - 6. Let x be q(4). Give d(x).
31
Let k(a) = 4*a + a**2 + 3*a**3 + 3 - 4*a**3 - 7*a**2. Let p = 621 - 627. Give k(p).
-21
Let y be (-22)/4*(17 + -19). Let k be ((-4 - 1) + 3)/((-2)/(-8)). Let h = y + k. Let p(r) = 2*r - 4. Calculate p(h).
2
Let m(l) = -6*l**2 - 16*l - 6. Let n(s) = -s**2 - 3*s. Let d(r) = m(r) - 4*n(r). Determine d(-2).
-6
Let s(z) = -z + 2. Suppose -2*t + 9 = -4*q - 3, -t - 5*q = 15. Suppose t = -10*r - 15 + 25. What is s(r)?
1
Let j(z) = 205*z**3 - 13*z**2 - 23*z + 34. Let p(m) = 171*m**3 - 13*m**2 - 23*m + 31. Let t(q) = -5*j(q) + 6*p(q). Determine t(15).
121
Let v = -5720 - -5702. Let w(j) = -j**3 - 18*j**2 - 3*j + 14. Determine w(v).
68
Let c = 6949 + -6946. Let m(p) = 9*p**2 + 2*p - 8. What is m(c)?
79
Let q(y) be the third derivative of 11/6*y**3 + 0 - 2*y**2 + 0*y - 1/24*y**4. Suppose -23*s + 3*s = -100. Give q(s).
6
Let g(m) be the first derivative of m**6/120 + m**5/20 + m**4/8 + m**3/6 + 6*m**2 - 69. Let c(n) be the second derivative of g(n). Calculate c(-3).
-8
Let f(t) = -8649*t - 77846. Let w be f(-9). Let a = -2 + 4. Let b(d) = -d**3 + 0 + 1 + 1 + 2*d - 4*d**a. Determine b(w).
17
Suppose -2081*q + 3*n - 9 = -2084*q, 0 = -3*q + n - 27. Let k(r) = -3*r - 8. Let a(m) = -2*m - 8. Let h(v) = -5*a(v) + 4*k(v). Give h(q).
20
Let x(h) = 7*h**2 - 2*h - 1. Let k(y) = 9*y**2 - y - 4. Let c be k(2). Let l be -8 - (-1 + c/(-6)). Calculate x(l).
31
Let l(u) = -u**3 + 2*u**2 + 6*u. Let x(v) = 4*v**3 - 27*v**2 - 58*v + 33. Let y(n) = -5*l(n) - x(n). Calculate y(-15).
-3
Let g(b) = b**2 + 0 + 0 + 0*b**2 - 8 + 2. Determine g(4).
10
Let w(n) = -n**3 + 11*n**2 + 12*n + 2. Let m be w(12). Let l(a) = -a**2 + 8*a. Let f(b) = -3*b**2 + 17*b. Let k(y) = m*f(y) - 5*l(y). Determine k(-7).
-7
Let u(l) = l**3 + 7*l**2 - 12*l - 63. Let k be u(-3). Let y(r) = 3*r**2 - 28*r + 3. Give y(k).
-6
Let d be (1710/12)/19*(-8)/(-6). Let x(t) = d - 25 - 29*t + 30*t. Determine x(12).
-3
Let s(f) = -f**3 + 5*f**2 - 11. Let k be s(7). Let y = k - -109. Let w(x) = -x + 4. Calculate w(y).
4
Let u(y) be the first derivative of -y**4/4 - y**3/3 - y**2 + 216. Give u(-1).
2
Let f(a) = a**3 - 7*a**2 + 8*a - 2. Let q(m) be the second derivative of m**4/12 - 5*m**3/6 + 3*m**2 - m - 16. Let k be q(5). Determine f(k).
10
Let k(i) = 8*i**2 + 2*i + 6. Suppose -9272 + 9401 = 43*v. Determine k(v).
84
Let i = -3472 + 3473. Let p(w) = 12*w**3 - 7*w**2 + 7. Let k(z) = -13*z**3 + 8*z**2 - 8. Let c(l) = -6*k(l) - 7*p(l). Determine c(i).
-6
Let f = -19627 - -19621. Let o(c) = c**3 + 8*c**2 + 10*c + 13. Give o(f).
25
Let s = 31264 - 31259. Let m(i) = 13*i - 5. Calculate m(s).
60
Let i(b) = -b - 40*b**2 + b**3 + 14 + 50*b**2 - 10*b. What is i(-11)?
14
Suppose 66*i = 79*i - 26. Let w(b) = -3*b**2 - b - 5. What is w(i)?
-19
Let r(f) = -4*f + 9. Let v = 158 - 155. Suppose -4*l = -5*q + 13, 0*q - v*q - 23 = 2*l. What is r(l)?
37
Let s(b) = b**2 + 2*b - 10. Let d be (160/(-12))/(4/12). Let v be 3/(175/d + 4). Give s(v).
38
Let g(v) be the third derivative of 0 - 2*v**2 - v**3 - 18*v + 1/8*v**4. What is g(-6)?
-24
Let o(d) = 2*d**2 + 25*d + 9. Suppose 0 = -2*k - 5*b + 1, 3*k + 46 = 30*b - 28*b. Give o(k).
-3
Let j(x) = -x - 10. Let v = 125 + -132. Calculate j(v).
-3
Let r(l) = -4*l**2 - l + 1. Suppose -9*v + 10*v = 28. Suppose -v*m = 30 + 26. Determine r(m).
-13
Let g(n) be the first derivative of -n**4/4 + 2*n**3/3 - 2*n**2 + 4*n + 12. Determine g(2).
-4
Let o(r) be the first derivative of -r**4/4 - r**3 + 3*r**2/2 - 2*r + 2646. Determine o(-3).
-11
Let a = 12 - 7. Let o(g) = -8*g + 12. Let n(j) = 7*j - 10. Let t(x) = 7*n(x) + 6*o(x). What is t(a)?
7
Let g(q) = 5*q + 2. Let h = 27 - -2. Suppose -3*j - 54 = -5*j. Let p = j - h. What is g(p)?
-8
Let j(o) = o + 4. Let h = -46 + 12. Let w = h - -16. Let a = 13 + w. Give j(a).
-1
Let h be (-3)/3 - 2/(-1). Let z(t) = -2*t - h - t + 0. Let c(w) = 18*w - 74. Let x be c(4). Give z(x).
5
Let w = -129 - -130. Suppose 2*d + p + 13 = 0, 16*d - 2*p = 15*d + w. Let h(o) = -o**2 - 6*o - 5. Calculate h(d).
0
Let o = 294 - 287. Suppose 95*c + o = 102*c. Let i(g) = -20*g + 1. Calculate i(c).
-19
Let a(t) = -t**3 - 3*t**2 - 3*t - 2. Let i(s) = -30*s + 205. Let o be i(7). Give a(o).
63
Let u = 3512 - 3509. Let y(j) = -j**3 + 5*j**2 - 2*j - 3. Calculate y(u).
9
Let g(n) = -n**2 - 2*n - 1. Let w = -88 - -92. Suppose w*z + 7 = -k - z, 2*k - 2*z = 10. Give g(k).
-16
Let z(l) = l + 1. Suppose 25 = 5*k, -4*s = -2*k - 10 - 0. Suppose 20 = -3*h - t + 3*t, 5*t = -s*h. Give z(h).
-3
Let u(o) be the third derivative of -8 - 1/60*o**5 - 2/3*o**3 - 6*o**2 - 1/8*o**4 + 0*o. Determine u(-6).
-22
Let k(i) = -i**2 + 6*i + 74. Let l be k(12). Let t(m) = -l*m - 3*m + m**2 + 2*m - 3*m + 0*m**2 + 2. Calculate t(4).
-6
Let h(f) = -11*f + 6. Let c(z) be the second derivative of 13*z**3/6 - 3*z**2 - 9*z - 2. Let l(u) = 3*c(u) + 4*h(u). Give l(4).
-14
Let f(b) be the third derivative of -b**6/120 + b**4/12 - 19*b**3/6 - b**2 - 21*b + 21. Calculate f(0).
-19
Suppose -4*h + 4 = -5*i, -2*h - 10 = -4*i - 6. Let n be (-2)/6*(-54)/h. Let t(c) = -c + 8. Give t(n).
5
Let r(d) = -10*d - 3. Let f be (2/(-6)*2)/(((-50)/(-15))/5). Determine r(f).
7
Suppose q + 159 = 5*i - 7, 5*i + 5*q = 160. Let h = i - 34. Let l(b) = 2 - 2 + 1 + b**2 + 2*b. What is l(h)?
0
Let f(b) be the second derivative of b**4/12 + 2*b**3/3 - 15*b**2/2 + 2*b + 26. What is f(-8)?
17
Suppose -5*y + 0 = 5*m - 30, -5*m - 4*y = -33. Suppose -2*x - m = -5*x. Suppose -x*h = -0*w - 4*w + 24, -w + 4*h + 19 = 0. Let b(n) = 3*n - 2. Give b(w).
7
Suppose -2*q = -3*n + 11, -17 + 31 = -3*q + 2*n. Let k(t) = t**3 + 6*t**2 + 9*t + 9. Determine k(q).
5
Let g(j) be the third derivative of -j**7/1260 - j**6/360 + j**5/15 - 3*j**3/2 - 51*j**2 + j. Let x(u) be the third derivative of g(u). Give x(-3).
10
Let y be (-6 + (-278)/48*-1)/((-10)/8). Let v(x) be the second derivative of 0 - 3/2*x**2 - 1/12*x**4 - y*x**3 + 27*x. What is v(0)?
-3
Let b(r) = r**3 - 4*r**2 - 57*r - 6. Let p(n) = 2*n**2 - 42*n - 382. Let x be p(28). Determine b(x).
24
Suppose -5*h + 20 = 3*m, -2*m - 3*h + 13 = 1. Suppose 3*d + 2*a - 2 = -m, 4 = -4*d - 4*a. Let w(n) = -33*n - 8 - 4*n**2 + d*n**2 + 37*n + n**2. Determine w(-7).
13
Let i(s) = s**3 - 5*s**2 - 8*s + 8. Let r be 210/55 - (2 + 72/(-33)). Suppose c - 5*o = -16, 0 = c + r*c - 2*o - 12. Suppose -c*k - 20 = -44. Give i(k).
-4
Let f = 39 + -36. Let c(m) = m + 463 - 6*m - 460 + m**2 + 2*m. Give c(f).
3
Suppose -108*b + 87 + 100 = -245. Let v(o) be the third derivative of -o**6/120 + o**5/12 - o**4/12 - o**2. What is v(b)?
8
Let j(l) = -26*l**2 + 25*l - 14. Let r(c) = 57*c**2 - 49*c + 29. Let f(m) = -13*j(m) - 6*r(m). Give f(-8).
0
Let n be (-5187)/(-1274) + (1 - 45/42). Let y(c) be the third derivative of c**6/120 - c**5/15 - c**4/6 + 10*c**2. What is y(n)?
-16
Let q(p) be the first derivative of p**3/3 - 15*p**2/2 + 10*p + 5445. Determine q(6).
-44
Let r be 1/(-2) + 1 + -5 + 36/8. Let g(w) = 2*w - 13. What is g(r)?
-13
Let g(j) = -5*j - 1. Let b be 75/(-20) + (-689)/52 + 13. Calculate g(b).
19
Let y be (-3)/(4 - -1 - 528/99). Let f(m) = -m**3 + 7*m**2 + 15*m + 9. Give f(y).
-18
Let g(k) = -7*k**3 - 2*k**2 - 10*k + 4. Let o(z) = -6*z**3 - 10*z + 4. Let y(n) = -5*g(n) + 6*o(n). Let l(b) = -b + 19. Let u be l(10). Determine y(u).
-5
Suppose 0 = 56*j - 58*j - 10. Let d(w) be the third derivative of w**5/60 + 5*w**4/12 + w**3/6 + 220*w**2. What is d(j)?
-24
Let f = 89 - 85. Let s be 33/44 + (-31)/f. Let t(x) = -4*x - 8. Determine t(s).
20
Let i(c) = -c**2 + 35*c + 16 + 39*c - 66*c. Let r be i(10). Let h(l) = 0 + 2 - 2*l - 8. What is h(r)?
2
Let y(t) = t**2 + 27*t - 150. Let l be y(5). Suppose -1402 = l*n - 1332. Let g(c) be the third derivative of -c**4/12 + c**3/6 - c**2. Determine g(n).
15
Let w = 3212 - 3211. Let j(h) = 5*h**3 - h**2 - h + 1. Calculate j(w).
4
Let d(j) = -13*j**2 + 11*